{"id":177,"date":"2013-11-05T20:48:46","date_gmt":"2013-11-06T01:48:46","guid":{"rendered":"http:\/\/proyectosfie.com\/renovado\/?page_id=177"},"modified":"2021-03-09T00:50:59","modified_gmt":"2021-03-09T05:50:59","slug":"bienvenidos","status":"publish","type":"page","link":"https:\/\/proyectosfie.com\/renovado\/bienvenidos\/","title":{"rendered":"Bienvenidos"},"content":{"rendered":"<p>Hola amigos,<\/p>\n<p>He agregado un par de&nbsp;temas nuevos,&nbsp; con lo que trabajo en mi d\u00eda a d\u00eda.<\/p>\n<p>En caso de querer contactarse conmigo usen los correos <a href=\"mailto:yoelocmin@gmail.com\">yoelocmin@gmail.com<\/a> y\/o <a href=\"mailto:eyog@proyectosfie.com\">eyog@proyectosfie.com<\/a><\/p>\n<p>Yoel<\/p>\n<p>13\/11\/2018<\/p>\n<hr>\n<p style=\"text-align: left;\">Hola Amigos,<\/p>\n<p>Las cantidad de informaci\u00f3n que se puedo obtener hoy en dia es enorme, y esto hace que sea necesario cambiar el enfoque hacia algo m\u00e1s din\u00e1mico. Es por eso que me decid\u00ed renovar la web despu\u00e9s de casi 5 a\u00f1os&nbsp;<img src=\"http:\/\/proyectosfie.com\/renovado\/wp-includes\/images\/smilies\/icon_smile.gif\" alt=\":)\">&nbsp;.&nbsp;Hoy 05\/11\/2013, he empezado ha realizar estos cambios, primero variando el aspecto, y pronto agregando mas contenido.<\/p>\n<p>Espero que esto sea de su agrado.<\/p>\n<p>Saludos,<\/p>\n<p>Yoel Ocmin<\/p>\n\n\n<p>Hola amigos,<\/p>\n\n\n\n<p>Con la pandemia, y el home office, me he podido dar un breve tiempo para programar por diversi\u00f3n, y para eso me compre unos m\u00f3dulos WS2812B en matriz de 32&#215;8 y 16&#215;16, que he venido programando en diferentes formas, pueden ver la entrada http:\/\/proyectosfie.com\/renovado\/2021\/03\/09\/manejando-paneles-flexibles-ws2812b\/, que es donde ir\u00e9 colocando diferentes formas que he tenido de programar estos paneles :), Saludos<\/p>\n\n\n\n<p>Yoel Ocmin<\/p>\n\n\n\n<hr>\n\n\n\n<p>09\/03\/2021<\/p>\n","protected":false},"excerpt":{"rendered":"<p>Hola amigos, He agregado un par de&nbsp;temas nuevos,&nbsp; con lo que trabajo en mi d\u00eda a d\u00eda. En caso de querer contactarse conmigo usen los correos yoelocmin@gmail.com y\/o eyog@proyectosfie.com Yoel 13\/11\/2018 Hola Amigos, Las cantidad de informaci\u00f3n que se puedo obtener hoy en dia es enorme, y esto hace que sea necesario cambiar el enfoque &hellip; <a href=\"https:\/\/proyectosfie.com\/renovado\/bienvenidos\/\" class=\"more-link\">Contin\u00fae leyendo <span class=\"screen-reader-text\">Bienvenidos<\/span> <span class=\"meta-nav\">&rarr;<\/span><\/a><\/p>\n","protected":false},"author":1,"featured_media":0,"parent":0,"menu_order":0,"comment_status":"open","ping_status":"open","template":"","meta":[],"yoast_head":"<!-- This site is optimized with the Yoast SEO plugin v15.9.2 - https:\/\/yoast.com\/wordpress\/plugins\/seo\/ -->\n<link rel=\"canonical\" href=\"https:\/\/proyectosfie.com\/renovado\/bienvenidos\/\" \/>\n<meta property=\"og:locale\" content=\"es_ES\" \/>\n<meta property=\"og:type\" content=\"article\" \/>\n<meta property=\"og:title\" content=\"Bienvenidos - .:: Proyectosfie.Com ::.\" \/>\n<meta property=\"og:description\" content=\"Hola amigos, He agregado un par de&nbsp;temas nuevos,&nbsp; con lo que trabajo en mi d\u00eda a d\u00eda. En caso de querer contactarse conmigo usen los correos yoelocmin@gmail.com y\/o eyog@proyectosfie.com Yoel 13\/11\/2018 Hola Amigos, Las cantidad de informaci\u00f3n que se puedo obtener hoy en dia es enorme, y esto hace que sea necesario cambiar el enfoque &hellip; Contin\u00fae leyendo Bienvenidos &rarr;\" \/>\n<meta property=\"og:url\" content=\"https:\/\/proyectosfie.com\/renovado\/bienvenidos\/\" \/>\n<meta property=\"og:site_name\" content=\".:: Proyectosfie.Com ::.\" \/>\n<meta property=\"article:publisher\" content=\"http:\/\/facebook.com\/yocmin\" \/>\n<meta property=\"article:modified_time\" content=\"2021-03-09T05:50:59+00:00\" \/>\n<meta property=\"og:image\" content=\"http:\/\/proyectosfie.com\/renovado\/wp-includes\/images\/smilies\/icon_smile.gif\" \/>\n<meta name=\"twitter:card\" content=\"summary_large_image\" \/>\n<meta name=\"twitter:site\" content=\"@yoelocmin\" \/>\n<meta name=\"twitter:label1\" content=\"Est. reading time\">\n\t<meta name=\"twitter:data1\" content=\"1 minuto\">\n<script type=\"application\/ld+json\" class=\"yoast-schema-graph\">{\"@context\":\"https:\/\/schema.org\",\"@graph\":[{\"@type\":\"WebSite\",\"@id\":\"http:\/\/proyectosfie.com\/renovado\/#website\",\"url\":\"http:\/\/proyectosfie.com\/renovado\/\",\"name\":\"Proyectosfie\",\"description\":\"Proyectos Electr\\u00f3nicos y M\\u00e1s\",\"potentialAction\":[{\"@type\":\"SearchAction\",\"target\":\"http:\/\/proyectosfie.com\/renovado\/?s={search_term_string}\",\"query-input\":\"required name=search_term_string\"}],\"inLanguage\":\"es\"},{\"@type\":\"ImageObject\",\"@id\":\"https:\/\/proyectosfie.com\/renovado\/bienvenidos\/#primaryimage\",\"inLanguage\":\"es\",\"url\":\"http:\/\/proyectosfie.com\/renovado\/wp-includes\/images\/smilies\/icon_smile.gif\"},{\"@type\":[\"WebPage\",\"CollectionPage\"],\"@id\":\"https:\/\/proyectosfie.com\/renovado\/bienvenidos\/#webpage\",\"url\":\"https:\/\/proyectosfie.com\/renovado\/bienvenidos\/\",\"name\":\"Bienvenidos - .:: Proyectosfie.Com ::.\",\"isPartOf\":{\"@id\":\"http:\/\/proyectosfie.com\/renovado\/#website\"},\"primaryImageOfPage\":{\"@id\":\"https:\/\/proyectosfie.com\/renovado\/bienvenidos\/#primaryimage\"},\"datePublished\":\"2013-11-06T01:48:46+00:00\",\"dateModified\":\"2021-03-09T05:50:59+00:00\",\"breadcrumb\":{\"@id\":\"https:\/\/proyectosfie.com\/renovado\/bienvenidos\/#breadcrumb\"},\"inLanguage\":\"es\",\"potentialAction\":[{\"@type\":\"ReadAction\",\"target\":[\"https:\/\/proyectosfie.com\/renovado\/bienvenidos\/\"]}]},{\"@type\":\"BreadcrumbList\",\"@id\":\"https:\/\/proyectosfie.com\/renovado\/bienvenidos\/#breadcrumb\",\"itemListElement\":[{\"@type\":\"ListItem\",\"position\":1,\"item\":{\"@type\":\"WebPage\",\"@id\":\"http:\/\/proyectosfie.com\/renovado\/\",\"url\":\"http:\/\/proyectosfie.com\/renovado\/\",\"name\":\"Home\"}},{\"@type\":\"ListItem\",\"position\":2,\"item\":{\"@type\":\"WebPage\",\"@id\":\"https:\/\/proyectosfie.com\/renovado\/bienvenidos\/\",\"url\":\"https:\/\/proyectosfie.com\/renovado\/bienvenidos\/\",\"name\":\"Bienvenidos\"}}]}]}<\/script>\n<!-- \/ Yoast SEO plugin. -->","_links":{"self":[{"href":"https:\/\/proyectosfie.com\/renovado\/wp-json\/wp\/v2\/pages\/177"}],"collection":[{"href":"https:\/\/proyectosfie.com\/renovado\/wp-json\/wp\/v2\/pages"}],"about":[{"href":"https:\/\/proyectosfie.com\/renovado\/wp-json\/wp\/v2\/types\/page"}],"author":[{"embeddable":true,"href":"https:\/\/proyectosfie.com\/renovado\/wp-json\/wp\/v2\/users\/1"}],"replies":[{"embeddable":true,"href":"https:\/\/proyectosfie.com\/renovado\/wp-json\/wp\/v2\/comments?post=177"}],"version-history":[{"count":9,"href":"https:\/\/proyectosfie.com\/renovado\/wp-json\/wp\/v2\/pages\/177\/revisions"}],"predecessor-version":[{"id":338,"href":"https:\/\/proyectosfie.com\/renovado\/wp-json\/wp\/v2\/pages\/177\/revisions\/338"}],"wp:attachment":[{"href":"https:\/\/proyectosfie.com\/renovado\/wp-json\/wp\/v2\/media?parent=177"}],"curies":[{"name":"wp","href":"https:\/\/api.w.org\/{rel}","templated":true}]}}