{"id":49,"date":"2013-11-05T01:23:43","date_gmt":"2013-11-05T06:23:43","guid":{"rendered":"http:\/\/proyectosfie.com\/renovado\/?page_id=49"},"modified":"2018-11-16T01:19:41","modified_gmt":"2018-11-16T06:19:41","slug":"sobre-mi","status":"publish","type":"page","link":"http:\/\/proyectosfie.com\/renovado\/sobre-mi\/","title":{"rendered":"Sobre Mi"},"content":{"rendered":"<p><a href=\"http:\/\/proyectosfie.com\/renovado\/wp-content\/uploads\/2013\/11\/SAM_3773.jpg\"><img loading=\"lazy\" class=\"alignnone size-medium wp-image-73\" src=\"http:\/\/proyectosfie.com\/renovado\/wp-content\/uploads\/2013\/11\/SAM_3773-300x168.jpg\" alt=\"SAM_3773\" width=\"300\" height=\"168\" srcset=\"http:\/\/proyectosfie.com\/renovado\/wp-content\/uploads\/2013\/11\/SAM_3773-300x168.jpg 300w, http:\/\/proyectosfie.com\/renovado\/wp-content\/uploads\/2013\/11\/SAM_3773-1024x576.jpg 1024w, http:\/\/proyectosfie.com\/renovado\/wp-content\/uploads\/2013\/11\/SAM_3773-624x351.jpg 624w\" sizes=\"(max-width: 300px) 100vw, 300px\" \/><\/a><\/p>\n<h6>Foto en la estaci\u00f3n de calidad de aire perteneciente al Gobierno Regional de Cajamarca (Instalada el 2013)<\/h6>\n<p>Soy un Ing. Electr\u00f3nico peruano, me gusta la programaci\u00f3n (en bajo y alto nivel) sobre todo si se vincula a la electr\u00f3nica e IoT, el desarrollo y uso de sistemas embebidos.<\/p>\n<p>Me agrada poder compartir mis conocimientos con los dem\u00e1s, y es as\u00ed que naci\u00f3 esta pagina durante mi etapa estudiantil en la<a href=\"http:\/\/electronica.unmsm.edu.pe\/\"> Facultad de Ingenier\u00eda Electr\u00f3nica &#8211; UNMSM<\/a> con la finalidad de poder compartir lo aprendido en las aulas,\u00a0 de forma autodidacta y otros proyectos de car\u00e1cter personal a mediados del a\u00f1o 2002-2003. En un inicio trabajamos la pagina junto a mi gran amigo el Ing. Carlos Sam, pero desde 2005, he venido manteniendo la pagina de modo personal.<\/p>\n<p>Es importante mencionar que desde el a\u00f1o 2006 trabajo con sistemas vinculados a la instrumentaci\u00f3n ambiental y meteorol\u00f3gica. Dando soluciones integrales para monitorio continuo de sistemas ambientales en calidad del aire y emisiones.\u00a0 He tenido la suerte de haber colaborado directamente en la implementaci\u00f3n de las redes de monitoreo ambiental autom\u00e1tico instaladas por <a href=\"https:\/\/www.senamhi.gob.pe\/?&amp;p=calidad-del-aire\">SENAMHI (10 estaciones en Lima)<\/a>, <a href=\"http:\/\/www.protransporte.gob.pe\/index.php\/protransporte\/quienes-somos\">COSAC I (Protransporte 3 estaciones en lima)<\/a>, <a href=\"http:\/\/www.digesa.minsa.gob.pe\">MINSA<\/a> ( 4 estaciones en Lima), y otras casetas de calidad de aire fijas, m\u00f3viles incluyendo estaciones de meteorolog\u00eda, sistemas de alerta temprana entre otros proyectos en diferentes provincias del Per\u00fa. Donde la experiencia en estos temas me permite colaborar desde el a\u00f1o 2016 con el\u00a0Sub-comit\u00e9 T\u00e9cnico de Nacionalizaci\u00f3n: <a href=\"http:\/\/www.minam.gob.pe\/wp-content\/uploads\/2016\/07\/2-SCTN-19.3.pdf\">M\u00c9TODOS DE MONITOREO Y MEDICI\u00d3N DE\u00a0EST\u00c1NDARES DE CALIDAD AMBIENTAL\u00a0SCTN 19.3<\/a>, dirigido por <a href=\"https:\/\/www.inacal.gob.pe\/\">INACAL<\/a> con la secretaria de <a href=\"https:\/\/www.gob.pe\/minam\">MINAM<\/a>.<\/p>\n<p>En lo acad\u00e9mico adem\u00e1s de ser titulado en Ing. Electr\u00f3nica tengo una especializaci\u00f3n en Gesti\u00f3n de Proyectos, especializaci\u00f3n en redes networking, comunicaciones inalambricas y actualmente estoy terminando una <a href=\"http:\/\/upg.figmmg.unmsm.edu.pe\/index.php\/maestrias\/ciencias-ambientales\/gestion-y-control-de-la-contaminacion\">Maestr\u00eda en Ciencias Ambientales con menci\u00f3n en Gesti\u00f3n y Control de la contaminaci\u00f3n.<\/a><\/p>\n<p>Espero que la informaci\u00f3n que encuentre en esta pagina sea de su ayuda, y en caso de querer contactarse conmigo no dude en escribirme en mis redes sociales o a los correos <a href=\"mailto:yoelocmin@gmail.com\">yoelocmin@gmail.com<\/a> y\/o <a href=\"mailto:eyog@proyectosfie.com\">eyog@proyectosfie.com<\/a>.<\/p>\n<p>Yoel Ocmin<br \/>\n<a href=\"mailto:eyog@proyectosfie.com\">eyog@proyectosfie.com<\/a><\/p>\n","protected":false},"excerpt":{"rendered":"<p>Foto en la estaci\u00f3n de calidad de aire perteneciente al Gobierno Regional de Cajamarca (Instalada el 2013) Soy un Ing. Electr\u00f3nico peruano, me gusta la programaci\u00f3n (en bajo y alto nivel) sobre todo si se vincula a la electr\u00f3nica e IoT, el desarrollo y uso de sistemas embebidos. Me agrada poder compartir mis conocimientos con &hellip; <a href=\"http:\/\/proyectosfie.com\/renovado\/sobre-mi\/\" class=\"more-link\">Contin\u00fae leyendo <span class=\"screen-reader-text\">Sobre Mi<\/span> <span class=\"meta-nav\">&rarr;<\/span><\/a><\/p>\n","protected":false},"author":1,"featured_media":0,"parent":0,"menu_order":0,"comment_status":"open","ping_status":"open","template":"","meta":[],"yoast_head":"<!-- This site is optimized with the Yoast SEO plugin v15.9.2 - https:\/\/yoast.com\/wordpress\/plugins\/seo\/ -->\n<meta name=\"description\" content=\"En esta pagina describo sobre mi (Elver Yoel Ocmin Grandez)\" \/>\n<link rel=\"canonical\" href=\"http:\/\/proyectosfie.com\/renovado\/sobre-mi\/\" \/>\n<meta property=\"og:locale\" content=\"es_ES\" \/>\n<meta property=\"og:type\" content=\"article\" \/>\n<meta property=\"og:title\" content=\"Sobre Mi - .:: Proyectosfie.Com ::.\" \/>\n<meta property=\"og:description\" content=\"En esta pagina describo sobre mi (Elver Yoel Ocmin Grandez)\" \/>\n<meta property=\"og:url\" content=\"http:\/\/proyectosfie.com\/renovado\/sobre-mi\/\" \/>\n<meta property=\"og:site_name\" content=\".:: Proyectosfie.Com ::.\" \/>\n<meta property=\"article:publisher\" content=\"http:\/\/facebook.com\/yocmin\" \/>\n<meta property=\"article:modified_time\" content=\"2018-11-16T06:19:41+00:00\" \/>\n<meta property=\"og:image\" content=\"http:\/\/proyectosfie.com\/renovado\/wp-content\/uploads\/2013\/11\/SAM_3773-300x168.jpg\" \/>\n<meta name=\"twitter:card\" content=\"summary_large_image\" \/>\n<meta name=\"twitter:site\" content=\"@yoelocmin\" \/>\n<meta name=\"twitter:label1\" content=\"Est. reading time\">\n\t<meta name=\"twitter:data1\" content=\"2 minutos\">\n<script type=\"application\/ld+json\" class=\"yoast-schema-graph\">{\"@context\":\"https:\/\/schema.org\",\"@graph\":[{\"@type\":\"WebSite\",\"@id\":\"https:\/\/proyectosfie.com\/renovado\/#website\",\"url\":\"https:\/\/proyectosfie.com\/renovado\/\",\"name\":\"Proyectosfie\",\"description\":\"Proyectos Electr\\u00f3nicos y M\\u00e1s\",\"potentialAction\":[{\"@type\":\"SearchAction\",\"target\":\"https:\/\/proyectosfie.com\/renovado\/?s={search_term_string}\",\"query-input\":\"required name=search_term_string\"}],\"inLanguage\":\"es\"},{\"@type\":\"ImageObject\",\"@id\":\"http:\/\/proyectosfie.com\/renovado\/sobre-mi\/#primaryimage\",\"inLanguage\":\"es\",\"url\":\"http:\/\/proyectosfie.com\/renovado\/wp-content\/uploads\/2013\/11\/SAM_3773.jpg\",\"width\":4320,\"height\":2432},{\"@type\":\"WebPage\",\"@id\":\"http:\/\/proyectosfie.com\/renovado\/sobre-mi\/#webpage\",\"url\":\"http:\/\/proyectosfie.com\/renovado\/sobre-mi\/\",\"name\":\"Sobre Mi - .:: Proyectosfie.Com ::.\",\"isPartOf\":{\"@id\":\"https:\/\/proyectosfie.com\/renovado\/#website\"},\"primaryImageOfPage\":{\"@id\":\"http:\/\/proyectosfie.com\/renovado\/sobre-mi\/#primaryimage\"},\"datePublished\":\"2013-11-05T06:23:43+00:00\",\"dateModified\":\"2018-11-16T06:19:41+00:00\",\"description\":\"En esta pagina describo sobre mi (Elver Yoel Ocmin Grandez)\",\"breadcrumb\":{\"@id\":\"http:\/\/proyectosfie.com\/renovado\/sobre-mi\/#breadcrumb\"},\"inLanguage\":\"es\",\"potentialAction\":[{\"@type\":\"ReadAction\",\"target\":[\"http:\/\/proyectosfie.com\/renovado\/sobre-mi\/\"]}]},{\"@type\":\"BreadcrumbList\",\"@id\":\"http:\/\/proyectosfie.com\/renovado\/sobre-mi\/#breadcrumb\",\"itemListElement\":[{\"@type\":\"ListItem\",\"position\":1,\"item\":{\"@type\":\"WebPage\",\"@id\":\"https:\/\/proyectosfie.com\/renovado\/\",\"url\":\"https:\/\/proyectosfie.com\/renovado\/\",\"name\":\"Home\"}},{\"@type\":\"ListItem\",\"position\":2,\"item\":{\"@type\":\"WebPage\",\"@id\":\"http:\/\/proyectosfie.com\/renovado\/sobre-mi\/\",\"url\":\"http:\/\/proyectosfie.com\/renovado\/sobre-mi\/\",\"name\":\"Sobre Mi\"}}]}]}<\/script>\n<!-- \/ Yoast SEO plugin. -->","_links":{"self":[{"href":"http:\/\/proyectosfie.com\/renovado\/wp-json\/wp\/v2\/pages\/49"}],"collection":[{"href":"http:\/\/proyectosfie.com\/renovado\/wp-json\/wp\/v2\/pages"}],"about":[{"href":"http:\/\/proyectosfie.com\/renovado\/wp-json\/wp\/v2\/types\/page"}],"author":[{"embeddable":true,"href":"http:\/\/proyectosfie.com\/renovado\/wp-json\/wp\/v2\/users\/1"}],"replies":[{"embeddable":true,"href":"http:\/\/proyectosfie.com\/renovado\/wp-json\/wp\/v2\/comments?post=49"}],"version-history":[{"count":8,"href":"http:\/\/proyectosfie.com\/renovado\/wp-json\/wp\/v2\/pages\/49\/revisions"}],"predecessor-version":[{"id":301,"href":"http:\/\/proyectosfie.com\/renovado\/wp-json\/wp\/v2\/pages\/49\/revisions\/301"}],"wp:attachment":[{"href":"http:\/\/proyectosfie.com\/renovado\/wp-json\/wp\/v2\/media?parent=49"}],"curies":[{"name":"wp","href":"https:\/\/api.w.org\/{rel}","templated":true}]}}

<p><a href="http://proyectosfie.com/renovado/wp-content/uploads/2013/11/SAM_3773.jpg"><img loading="lazy" class="alignnone size-medium wp-image-73" src="http://proyectosfie.com/renovado/wp-content/uploads/2013/11/SAM_3773-300x168.jpg" alt="SAM_3773" width="300" height="168" srcset="http://proyectosfie.com/renovado/wp-content/uploads/2013/11/SAM_3773-300x168.jpg 300w, http://proyectosfie.com/renovado/wp-content/uploads/2013/11/SAM_3773-1024x576.jpg 1024w, http://proyectosfie.com/renovado/wp-content/uploads/2013/11/SAM_3773-624x351.jpg 624w" sizes="(max-width: 300px) 100vw, 300px" /></a></p>
<h6>Foto en la estación de calidad de aire perteneciente al Gobierno Regional de Cajamarca (Instalada el 2013)</h6>
<p>Soy un Ing. Electrónico peruano, me gusta la programación (en bajo y alto nivel) sobre todo si se vincula a la electrónica e IoT, el desarrollo y uso de sistemas embebidos.</p>
<p>Me agrada poder compartir mis conocimientos con los demás, y es así que nació esta pagina durante mi etapa estudiantil en la<a href="http://electronica.unmsm.edu.pe/"> Facultad de Ingeniería Electrónica &#8211; UNMSM</a> con la finalidad de poder compartir lo aprendido en las aulas,  de forma autodidacta y otros proyectos de carácter personal a mediados del año 2002-2003. En un inicio trabajamos la pagina junto a mi gran amigo el Ing. Carlos Sam, pero desde 2005, he venido manteniendo la pagina de modo personal.</p>
<p>Es importante mencionar que desde el año 2006 trabajo con sistemas vinculados a la instrumentación ambiental y meteorológica. Dando soluciones integrales para monitorio continuo de sistemas ambientales en calidad del aire y emisiones.  He tenido la suerte de haber colaborado directamente en la implementación de las redes de monitoreo ambiental automático instaladas por <a href="https://www.senamhi.gob.pe/?&amp;p=calidad-del-aire">SENAMHI (10 estaciones en Lima)</a>, <a href="http://www.protransporte.gob.pe/index.php/protransporte/quienes-somos">COSAC I (Protransporte 3 estaciones en lima)</a>, <a href="http://www.digesa.minsa.gob.pe">MINSA</a> ( 4 estaciones en Lima), y otras casetas de calidad de aire fijas, móviles incluyendo estaciones de meteorología, sistemas de alerta temprana entre otros proyectos en diferentes provincias del Perú. Donde la experiencia en estos temas me permite colaborar desde el año 2016 con el Sub-comité Técnico de Nacionalización: <a href="http://www.minam.gob.pe/wp-content/uploads/2016/07/2-SCTN-19.3.pdf">MÉTODOS DE MONITOREO Y MEDICIÓN DE ESTÁNDARES DE CALIDAD AMBIENTAL SCTN 19.3</a>, dirigido por <a href="https://www.inacal.gob.pe/">INACAL</a> con la secretaria de <a href="https://www.gob.pe/minam">MINAM</a>.</p>
<p>En lo académico además de ser titulado en Ing. Electrónica tengo una especialización en Gestión de Proyectos, especialización en redes networking, comunicaciones inalambricas y actualmente estoy terminando una <a href="http://upg.figmmg.unmsm.edu.pe/index.php/maestrias/ciencias-ambientales/gestion-y-control-de-la-contaminacion">Maestría en Ciencias Ambientales con mención en Gestión y Control de la contaminación.</a></p>
<p>Espero que la información que encuentre en esta pagina sea de su ayuda, y en caso de querer contactarse conmigo no dude en escribirme en mis redes sociales o a los correos <a href="mailto:yoelocmin@gmail.com">yoelocmin@gmail.com</a> y/o <a href="mailto:eyog@proyectosfie.com">eyog@proyectosfie.com</a>.</p>
<p>Yoel Ocmin<br />
<a href="mailto:eyog@proyectosfie.com">eyog@proyectosfie.com</a></p>

<p>Foto en la estación de calidad de aire perteneciente al Gobierno Regional de Cajamarca (Instalada el 2013) Soy un Ing. Electrónico peruano, me gusta la programación (en bajo y alto nivel) sobre todo si se vincula a la electrónica e IoT, el desarrollo y uso de sistemas embebidos. Me agrada poder compartir mis conocimientos con &hellip; <a href="http://proyectosfie.com/renovado/sobre-mi/" class="more-link">Continúe leyendo <span class="screen-reader-text">Sobre Mi</span> <span class="meta-nav">&rarr;</span></a></p>
