{"id":44,"date":"2013-11-05T01:20:05","date_gmt":"2013-11-05T06:20:05","guid":{"rendered":"http:\/\/proyectosfie.com\/renovado\/?page_id=44"},"modified":"2013-11-05T15:09:21","modified_gmt":"2013-11-05T20:09:21","slug":"simulacion-proteus","status":"publish","type":"page","link":"http:\/\/proyectosfie.com\/renovado\/electronica\/simulacion-proteus\/","title":{"rendered":"Simulacion Proteus"},"content":{"rendered":"<p align=\"center\"><img loading=\"lazy\" class=\"alignnone\" alt=\"\" src=\"http:\/\/proyectosfie.com\/images\/logo_prot.jpg\" width=\"520\" height=\"100\" \/><\/p>\n<p align=\"center\"><strong>.:: PROTEUS ::.<\/strong><\/p>\n<p>Aqu\u00ed puedes encontrar, tutoriales, utilitarios, para poder comenzar a usar esta excelente herramienta.<br \/>\nYa que hace un mes he comenzado a usarlo y cada vez me sorprende mas con las cosas que se pueden hacer aqu\u00ed.<\/p>\n<table width=\"495\" border=\"1\" cellspacing=\"0\" cellpadding=\"0\" align=\"center\">\n<tbody>\n<tr>\n<td width=\"126\">\n<div align=\"left\">NOMBRE<\/div>\n<\/td>\n<td width=\"270\">\n<div align=\"left\">DESCRIPCION<\/div>\n<\/td>\n<td width=\"91\">\n<div align=\"center\"><strong>ARCHIVO<\/strong><\/div>\n<\/td>\n<\/tr>\n<tr>\n<td width=\"126\">\n<div align=\"left\"><strong>Manual Proteus en Espa\u00f1ol<\/strong><\/div>\n<\/td>\n<td width=\"270\">\n<div align=\"left\">Uno de los mejores manuales, en espa\u00f1ol q hay en la web de como iniciarce en con este excelente simulador. te explican hasta como crear tus placas en ares.<\/div>\n<\/td>\n<td width=\"91\">\n<div align=\"center\"><strong><a href=\"http:\/\/proyectosfie.com\/html\/proteus\/proteus.chm.rar\">Proteus.chm.rar<\/a><\/strong><\/div>\n<\/td>\n<\/tr>\n<tr>\n<td width=\"126\">\n<div align=\"left\"><strong>Archivos tutorial Proteus<\/strong><\/div>\n<\/td>\n<td width=\"270\">\n<div align=\"left\">Estos, son los archivos de los que se habla en el tutorial anterior<\/div>\n<\/td>\n<td width=\"91\">\n<div align=\"center\"><strong><a href=\"http:\/\/proyectosfie.com\/html\/documentos\/proteus\/Dsntutorial.zip\">DsnTutorial<\/a><\/strong><\/div>\n<\/td>\n<\/tr>\n<tr>\n<td width=\"126\"><\/td>\n<td width=\"270\"><\/td>\n<td width=\"91\"><\/td>\n<\/tr>\n<tr>\n<td width=\"126\">\n<div align=\"left\"><strong>Usar Mplab con Proteus<\/strong><\/div>\n<\/td>\n<td width=\"270\">\n<div align=\"left\">Un manual que te dar\u00e1 los pasos, para poder vincular MPLAB de Microchip con Proteus, para poder simular tus Pics<\/div>\n<\/td>\n<td width=\"91\">\n<div align=\"center\"><strong><a href=\"http:\/\/proyectosfie.com\/html\/documentos\/proteus\/MplabyProteus.pdf\">Mplab y Proteu.pdf<\/a><\/strong><\/div>\n<\/td>\n<\/tr>\n<tr>\n<td width=\"126\">\n<div align=\"left\"><strong>Empezando con LPT<\/strong><\/div>\n<\/td>\n<td width=\"270\">\n<div align=\"left\">Gu\u00eda Did\u00e1ctica sobre como empezar con a programar el puerto paralelo, aqui esta el tutorial y todo los codigos fuentes y para la\u00a0<strong>simulacion del Puerto paralelo\u00a0<\/strong>la respectiva libreria de proteus, y los archivos a usar. Aqui se vincula, C++, VB y assembler.\u00a0Este tutorial tambien se puede ver online, acabo de hace rectificaciones, si escojes en htm, puedes ver una animaci\u00f3n.<\/div>\n<\/td>\n<td width=\"91\">\n<div align=\"center\"><strong><a href=\"http:\/\/proyectosfie.com\/html\/documentos\/proteus\/EmpezandoLPT.zip\">Empezando LPT.zip<br \/>\n<\/a><a href=\"http:\/\/proyectosfie.com\/html\/documentos\/proteus\/ComenzandoLPT.pdf\">ver pdf\u00a0<\/a>\u00a0<a href=\"http:\/\/proyectosfie.com\/html\/EmpesandoLpt.htm\">ver.htm<\/a><\/strong><\/div>\n<\/td>\n<\/tr>\n<tr>\n<td width=\"126\">\n<div align=\"left\"><strong>Manejo y Simulaci\u00f3n de Motor PAP<\/strong><\/div>\n<\/td>\n<td width=\"270\">\n<div align=\"left\">Aqu\u00ed como\u00a0<strong>simular<\/strong>, y programar los famosos motores PAP. Puedes, ver online el documento anterior, si escojes en htm,<strong>puedes ver la simulaci\u00f3n en una animaci\u00f3n.<\/strong><\/div>\n<\/td>\n<td width=\"91\">\n<div align=\"center\"><strong><a href=\"http:\/\/proyectosfie.com\/html\/documentos\/proteus\/motorPAP1.zip\">Motor PAP<\/a><a href=\"http:\/\/proyectosfie.com\/html\/documentos\/proteus\/EmpezandoLPT.zip\"><br \/>\n<\/a><a href=\"http:\/\/proyectosfie.com\/html\/documentos\/proteus\/MotorPAP1.pdf\">ver pdf\u00a0<\/a>\u00a0<a href=\"http:\/\/proyectosfie.com\/html\/motorPAP1.htm\">ver.htm<\/a><\/strong><\/div>\n<\/td>\n<\/tr>\n<tr>\n<td width=\"126\">\n<div align=\"left\"><strong>Terminal<\/strong><\/div>\n<\/td>\n<td width=\"270\">\n<div align=\"left\">Como se usan los terminales<br \/>\n<strong>(Simulacion de un Terminal Puerto Serial)<\/strong><\/div>\n<\/td>\n<td width=\"91\">\n<div align=\"center\"><a href=\"http:\/\/proyectosfie.com\/html\/tutos\/terminal.htm\"><img loading=\"lazy\" alt=\"\" src=\"http:\/\/proyectosfie.com\/html\/iexplorer.gif\" width=\"32\" height=\"32\" border=\"0\" \/><\/a><\/div>\n<\/td>\n<\/tr>\n<tr>\n<td width=\"126\"><strong><em><span style=\"text-decoration: underline;\">Video Tutoriales de Proteus<\/span>\u00a0<\/em><\/strong>\u00a0 Descarga Directa de estos fabulosos VideoTutoriales,<\/td>\n<td width=\"270\"><strong>Yoel Ocmin<\/strong><br \/>\nAca estan los enlaces directos para la descarga de estos 11 Videos Tutoriales, hechos por Germ\u00e1n Tojeiro<\/td>\n<td width=\"91\">\n<div align=\"center\"><a href=\"http:\/\/proyectosfie.com\/html\/VideosProteus.htm\"><img loading=\"lazy\" alt=\"\" src=\"http:\/\/proyectosfie.com\/html\/iexplorer.gif\" width=\"32\" height=\"32\" border=\"0\" \/><\/a><\/div>\n<\/td>\n<\/tr>\n<tr>\n<td width=\"126\"><strong><em><span style=\"text-decoration: underline;\">Manuales y Video Tutoriales de Proteus<\/span>\u00a0<\/em><\/strong>\u00a0Aca encontraras muchas informacion sobre proteus y estos super video tutoriales muy buenos para comenzar con este exelente Simulador.<\/td>\n<td width=\"270\"><strong>Yoel Ocmin<\/strong><br \/>\nAca esta practicamante toda la info que tengo de Proteus aprovechando los 500MB de 4share.com<\/td>\n<td width=\"91\">\n<div align=\"center\"><a href=\"http:\/\/www.4shared.com\/dir\/247356\/cdec411c\/sharing.html\"><img loading=\"lazy\" alt=\"\" src=\"http:\/\/proyectosfie.com\/html\/iexplorer.gif\" width=\"32\" height=\"32\" border=\"0\" \/><\/a><\/div>\n<\/td>\n<\/tr>\n<tr>\n<td width=\"126\"><strong><em><span style=\"text-decoration: underline;\">Ver Secci\u00f3n Pic&#8217;s:<\/span><\/em><\/strong>\u00a0Aca encontraras muchas m\u00e1s simulaciones y aplicaciones que se pueden ver con Proteus..<\/td>\n<td width=\"270\"><strong>Yoel Ocmin<\/strong><\/td>\n<td width=\"91\">\n<div align=\"center\"><a href=\"http:\/\/proyectosfie.com\/html\/pic_1.htm\"><img loading=\"lazy\" alt=\"\" src=\"http:\/\/proyectosfie.com\/html\/iexplorer.gif\" width=\"32\" height=\"32\" border=\"0\" \/><\/a><\/div>\n<\/td>\n<\/tr>\n<tr>\n<td width=\"126\"><span style=\"text-decoration: underline;\"><strong>Apuntes de Proteus<\/strong><\/span>, y microcontroladores por el\u00a0<strong>Dr. Salustiano Nievas. Catedratico del Intituto de Ense\u00f1anza Secundaria Antonio Machado de Alcal\u00e1 de Henares (Madrid, Espa\u00f1a).<\/strong><\/td>\n<td width=\"270\">\n<div align=\"center\"><a href=\"http:\/\/www.educa.madrid.org\/web\/ies.machado.alcala\/web%20insti\/depart\/electr\/apuntes\/index.php?&amp;direction=0&amp;order=&amp;directory=dpe\/curso2\/proyectos\/pic%20f_84\"><img loading=\"lazy\" alt=\"\" src=\"http:\/\/proyectosfie.com\/html\/iexplorer.gif\" width=\"32\" height=\"32\" border=\"0\" \/><\/a><\/div>\n<\/td>\n<td width=\"91\">\n<div align=\"center\"><a href=\"http:\/\/www.educa.madrid.org\/web\/ies.machado.alcala\/web%20insti\/depart\/electr\/apuntes\/index.php?&amp;direction=0&amp;order=&amp;directory=dpe\/curso2\/proyectos\/pic%20f_84\"><img loading=\"lazy\" alt=\"\" src=\"http:\/\/proyectosfie.com\/html\/iexplorer.gif\" width=\"32\" height=\"32\" border=\"0\" \/><\/a><\/div>\n<\/td>\n<\/tr>\n<tr>\n<td width=\"126\"><strong>Proteus Lite 6.3<\/strong><\/td>\n<td width=\"270\"><strong>\u00a1\u00a1\u00a1Para\u00a0\u00a0\u00a0\u00a0\u00a0\u00a0 los que no saben de donde bajarlo !!!<\/strong><\/td>\n<td width=\"91\">\n<div align=\"center\"><a href=\"http:\/\/www.cpe15.com\/homework\/Proteus\/Proteus_6.3_SP1.exe\"><strong>Site<\/strong><\/a><strong><br \/>\nParches :<br \/>\n<a href=\"http:\/\/www.cpe15.com\/homework\/Proteus\/Proteus_isis_Crack_6.3_SP1.exe\">Isis<\/a>\u00a0\u00a0<a href=\"http:\/\/www.cpe15.com\/homework\/Proteus\/Proteus_Ares_Crack_6.3_SP1.exe\">Ares<\/a><\/strong><\/div>\n<\/td>\n<\/tr>\n<tr>\n<td width=\"126\"><strong>Proteus 6.7 SP3 Version Final del Foro Sonsivri<\/strong><\/td>\n<td width=\"270\"><strong>\u00a1\u00a1\u00a1Para\u00a0\u00a0\u00a0\u00a0\u00a0\u00a0 los que no saben de donde bajarlo !!!<br \/>\nYa saben el pass es \u00abproyectosfie.tk\u00bb<br \/>\n<\/strong><\/p>\n<p><center><strong>en Megaupload (Sitio1) arriba esta el enlace, cliqueas, y luego esperas para que aparesca enlace de descarga<\/strong><\/center><\/td>\n<td width=\"91\">\n<div align=\"center\"><a href=\"http:\/\/www.megaupload.com\/?d=EOZU4NAQ\"><strong>Sitio1<\/strong><\/a><br \/>\n<a href=\"http:\/\/proyectosfie.web1000.com\/download\/ProteusPRO6.7SP3.exe\"><strong>Sitio2<\/strong><\/a><\/div>\n<\/td>\n<\/tr>\n<tr>\n<td width=\"126\"><strong>CODDDX.EXE<\/strong><\/td>\n<td width=\"270\">Muy necesario para Vincular MPLAB con proteus, en el tutorial de arriba se explica.<\/td>\n<td width=\"91\">\n<div align=\"center\"><strong><a href=\"http:\/\/proyectosfie.com\/html\/download\/CODDDX.EXE\">CODDDX.exe<\/a><\/strong><\/div>\n<\/td>\n<\/tr>\n<tr>\n<td width=\"126\"><strong>Mis Librerias<\/strong><\/td>\n<td width=\"270\">Aqu\u00ed algunas librer\u00edas, son pocas, pero seguro q te servir\u00e1n, mas adelante pondr\u00e9 como construir las tuyas propiasgrabalas en la carpeta<br \/>\n\u00abC:..ruta Proteus&#8230;&#8230;&#8230;&#8230;.\\LIBRARY\\\u00bb<\/td>\n<td width=\"91\">\n<div align=\"center\"><strong><a href=\"http:\/\/proyectosfie.com\/html\/documentos\/proteus\/libraryYoel.zip\">libraries_yoel<\/a><\/strong><\/div>\n<\/td>\n<\/tr>\n<tr>\n<td width=\"126\"><strong>Mis Modelos<\/strong><\/td>\n<td width=\"270\">Aqu\u00ed los modelos respectivos de mis librerias, grabalas en la carpeta \u00abC:..ruta Proteus&#8230;&#8230;&#8230;&#8230;.\\MODELS\\\u00bb<\/td>\n<td width=\"91\">\n<div align=\"center\"><strong><a href=\"http:\/\/proyectosfie.com\/html\/documentos\/proteus\/ModelsYoel.zip\">modelos_yoel<\/a><\/strong><\/div>\n<\/td>\n<\/tr>\n<tr>\n<td width=\"126\"><strong>Creacion de Modelos VSM, Simples<\/strong><\/td>\n<td width=\"270\">Como Crear modelos simples con Proteus,\u00a0 para hacer esquemas con simulacion (En INGLES)<strong>Nuevo!<\/strong><\/td>\n<td width=\"91\">\n<div align=\"center\"><strong><a href=\"http:\/\/proyectosfie.webcindario.com\/documentos\/proteus\/Creation%20VSM%20-%20Modelos%20Digitales.PDF\">ver.pdf<\/a><\/strong><\/div>\n<\/td>\n<\/tr>\n<tr>\n<td width=\"126\"><strong>Creacion de Modelos Complejos usando DLL<\/strong><\/td>\n<td width=\"270\">Como Crear modelos VSM, con Proteus,\u00a0 para hacer modelos con DLL usando C++\u00a0 (En INGLES)\u00a0<strong>Nuevo!<\/strong><\/td>\n<td width=\"91\">\n<div align=\"center\"><strong><a href=\"http:\/\/proyectosfie.webcindario.com\/documentos\/proteus\/Creation%20VSM%20-%20Modelos%20Componentes%20Electronicos.PDF\">ver.pdf<\/a><\/strong><\/div>\n<\/td>\n<\/tr>\n<\/tbody>\n<\/table>\n","protected":false},"excerpt":{"rendered":"<p>.:: PROTEUS ::. Aqu\u00ed puedes encontrar, tutoriales, utilitarios, para poder comenzar a usar esta excelente herramienta. Ya que hace un mes he comenzado a usarlo y cada vez me sorprende mas con las cosas que se pueden hacer aqu\u00ed. NOMBRE DESCRIPCION ARCHIVO Manual Proteus en Espa\u00f1ol Uno de los mejores manuales, en espa\u00f1ol q hay &hellip; <a href=\"http:\/\/proyectosfie.com\/renovado\/electronica\/simulacion-proteus\/\" class=\"more-link\">Contin\u00fae leyendo <span class=\"screen-reader-text\">Simulacion Proteus<\/span> <span class=\"meta-nav\">&rarr;<\/span><\/a><\/p>\n","protected":false},"author":1,"featured_media":0,"parent":25,"menu_order":0,"comment_status":"open","ping_status":"open","template":"","meta":[],"yoast_head":"<!-- This site is optimized with the Yoast SEO plugin v15.9.2 - https:\/\/yoast.com\/wordpress\/plugins\/seo\/ -->\n<link rel=\"canonical\" href=\"https:\/\/proyectosfie.com\/renovado\/electronica\/simulacion-proteus\/\" \/>\n<meta property=\"og:locale\" content=\"es_ES\" \/>\n<meta property=\"og:type\" content=\"article\" \/>\n<meta property=\"og:title\" content=\"Simulacion Proteus - .:: Proyectosfie.Com ::.\" \/>\n<meta property=\"og:description\" content=\".:: PROTEUS ::. Aqu\u00ed puedes encontrar, tutoriales, utilitarios, para poder comenzar a usar esta excelente herramienta. Ya que hace un mes he comenzado a usarlo y cada vez me sorprende mas con las cosas que se pueden hacer aqu\u00ed. NOMBRE DESCRIPCION ARCHIVO Manual Proteus en Espa\u00f1ol Uno de los mejores manuales, en espa\u00f1ol q hay &hellip; Contin\u00fae leyendo Simulacion Proteus &rarr;\" \/>\n<meta property=\"og:url\" content=\"https:\/\/proyectosfie.com\/renovado\/electronica\/simulacion-proteus\/\" \/>\n<meta property=\"og:site_name\" content=\".:: Proyectosfie.Com ::.\" \/>\n<meta property=\"article:publisher\" content=\"http:\/\/facebook.com\/yocmin\" \/>\n<meta property=\"article:modified_time\" content=\"2013-11-05T20:09:21+00:00\" \/>\n<meta property=\"og:image\" content=\"http:\/\/proyectosfie.com\/images\/logo_prot.jpg\" \/>\n<meta name=\"twitter:card\" content=\"summary_large_image\" \/>\n<meta name=\"twitter:site\" content=\"@yoelocmin\" \/>\n<meta name=\"twitter:label1\" content=\"Est. reading time\">\n\t<meta name=\"twitter:data1\" content=\"3 minutos\">\n<script type=\"application\/ld+json\" class=\"yoast-schema-graph\">{\"@context\":\"https:\/\/schema.org\",\"@graph\":[{\"@type\":\"WebSite\",\"@id\":\"http:\/\/proyectosfie.com\/renovado\/#website\",\"url\":\"http:\/\/proyectosfie.com\/renovado\/\",\"name\":\"Proyectosfie\",\"description\":\"Proyectos Electr\\u00f3nicos y M\\u00e1s\",\"potentialAction\":[{\"@type\":\"SearchAction\",\"target\":\"http:\/\/proyectosfie.com\/renovado\/?s={search_term_string}\",\"query-input\":\"required name=search_term_string\"}],\"inLanguage\":\"es\"},{\"@type\":\"ImageObject\",\"@id\":\"https:\/\/proyectosfie.com\/renovado\/electronica\/simulacion-proteus\/#primaryimage\",\"inLanguage\":\"es\",\"url\":\"http:\/\/proyectosfie.com\/images\/logo_prot.jpg\"},{\"@type\":\"WebPage\",\"@id\":\"https:\/\/proyectosfie.com\/renovado\/electronica\/simulacion-proteus\/#webpage\",\"url\":\"https:\/\/proyectosfie.com\/renovado\/electronica\/simulacion-proteus\/\",\"name\":\"Simulacion Proteus - .:: Proyectosfie.Com ::.\",\"isPartOf\":{\"@id\":\"http:\/\/proyectosfie.com\/renovado\/#website\"},\"primaryImageOfPage\":{\"@id\":\"https:\/\/proyectosfie.com\/renovado\/electronica\/simulacion-proteus\/#primaryimage\"},\"datePublished\":\"2013-11-05T06:20:05+00:00\",\"dateModified\":\"2013-11-05T20:09:21+00:00\",\"breadcrumb\":{\"@id\":\"https:\/\/proyectosfie.com\/renovado\/electronica\/simulacion-proteus\/#breadcrumb\"},\"inLanguage\":\"es\",\"potentialAction\":[{\"@type\":\"ReadAction\",\"target\":[\"https:\/\/proyectosfie.com\/renovado\/electronica\/simulacion-proteus\/\"]}]},{\"@type\":\"BreadcrumbList\",\"@id\":\"https:\/\/proyectosfie.com\/renovado\/electronica\/simulacion-proteus\/#breadcrumb\",\"itemListElement\":[{\"@type\":\"ListItem\",\"position\":1,\"item\":{\"@type\":\"WebPage\",\"@id\":\"http:\/\/proyectosfie.com\/renovado\/\",\"url\":\"http:\/\/proyectosfie.com\/renovado\/\",\"name\":\"Home\"}},{\"@type\":\"ListItem\",\"position\":2,\"item\":{\"@type\":\"WebPage\",\"@id\":\"https:\/\/proyectosfie.com\/renovado\/electronica\/\",\"url\":\"https:\/\/proyectosfie.com\/renovado\/electronica\/\",\"name\":\"Electr\\u00f3nica\"}},{\"@type\":\"ListItem\",\"position\":3,\"item\":{\"@type\":\"WebPage\",\"@id\":\"https:\/\/proyectosfie.com\/renovado\/electronica\/simulacion-proteus\/\",\"url\":\"https:\/\/proyectosfie.com\/renovado\/electronica\/simulacion-proteus\/\",\"name\":\"Simulacion Proteus\"}}]}]}<\/script>\n<!-- \/ Yoast SEO plugin. -->","_links":{"self":[{"href":"http:\/\/proyectosfie.com\/renovado\/wp-json\/wp\/v2\/pages\/44"}],"collection":[{"href":"http:\/\/proyectosfie.com\/renovado\/wp-json\/wp\/v2\/pages"}],"about":[{"href":"http:\/\/proyectosfie.com\/renovado\/wp-json\/wp\/v2\/types\/page"}],"author":[{"embeddable":true,"href":"http:\/\/proyectosfie.com\/renovado\/wp-json\/wp\/v2\/users\/1"}],"replies":[{"embeddable":true,"href":"http:\/\/proyectosfie.com\/renovado\/wp-json\/wp\/v2\/comments?post=44"}],"version-history":[{"count":2,"href":"http:\/\/proyectosfie.com\/renovado\/wp-json\/wp\/v2\/pages\/44\/revisions"}],"predecessor-version":[{"id":79,"href":"http:\/\/proyectosfie.com\/renovado\/wp-json\/wp\/v2\/pages\/44\/revisions\/79"}],"up":[{"embeddable":true,"href":"http:\/\/proyectosfie.com\/renovado\/wp-json\/wp\/v2\/pages\/25"}],"wp:attachment":[{"href":"http:\/\/proyectosfie.com\/renovado\/wp-json\/wp\/v2\/media?parent=44"}],"curies":[{"name":"wp","href":"https:\/\/api.w.org\/{rel}","templated":true}]}}